f (71 - 66) + (-2 - -6) + (-3 + -7 - 36)?
-37
-118 + (123 - -68) - 196
-123
(2 - 1) + (27 - (-16 - (-29 - -2)))
17
-18 - 0 - (27 - 37) - ((-11 - -30) + -114)
87
Evaluate -48 - (-9 + (7 - (6 + 5) - -4)).
-39
82 - (37 - (16 + -6 + 8))
63
Calculate -6226 + 6097 + (119 - 0).
-10
Evaluate 32 + 9 + -44 + 43.
40
-2391 + 2368 + 75 + -1
51
What is (-4 + 15 + 1 - -4) + (936 - 953)?
-1
What is the value of 28 - ((62 - (43 + -9)) + 13)?
-13
What is the value of 39 - (95 + 1 - (1215 - 1183))?
-25
Calculate -8 - ((-25 - ((-23 - -7) + 6)) + 6) - -31.
32
What is -51 + 26 + 98 + -23?
50
Evaluate 4110 - 4097 - (24 + (-2 - -1)) - (-1 - -1).
-10
Calculate (-55 - -182) + 7 + -95.
39
1 - -2 - (3721 - 3718)
0
0 + (22 - (5 + 2)) + 18
33
What is the value of -24 + 35 + 102 + -25 + -7?
81
What is (-18 - -6 - -15 - -6) + -80 - (0 - 7)?
-64
Calculate 19 - (-2958 + 2940 + 36 + (-1 - -1)).
1
Calculate (-2 - 0 - ((-12 - -13) + (-37 - -25))) + 52.
61
Evaluate -18 - -9 - ((-3 - 10) + 36).
-32
18 + -3 - (-528 + 478)
65
What is the value of 8 + 122 + -48 - 73?
9
Calculate 6 - -24 - (54 - 29).
5
Calculate -8 - (-4 + (2 + -4 + 12 - 5 - -28)).
-37
What is the value of -7 + 10 + 84 - (0 + 17 - 9)?
79
What is the value of 288 - (18 - -261) - (-2 + 0)?
11
What is the value of -2 + 4 + -23 + 5 + 8 + 10 + -51?
-49
Evaluate 31 + -37 + 29 - 20.
3
Calculate (7 - (-40 + 6)) + (402 - 390).
53
Evaluate (30 - 62) + -62 + 82.
-12
-12 - ((-5 - -56) + -63 + 15 + 2)
-17
What is -35 + (-13 + 69 - 13)?
8
(51 - -43) + -49 - 76
-31
What is (-20 - (-16 + 29 + -11 - 5)) + -55?
-72
Calculate 7 + (1 + -1 + -2 - (2 - -27 - -2)).
-26
Evaluate 11 + -1 + 27 + -14 + -5 + (-16 - -7).
9
(31 - -4) + -8 + 17 + -3 + 2
43
Evaluate -96 - (97 + (-303 - -57)).
53
-35 - ((20 - 27) + 2 - 10) - -5
-15
39 - (-18 + -4 + 98)
-37
2 - -1 - (31 + (-57 - -25) - -2)
2
What is the value of -42 + 0 - (10 - ((18 - 5) + -7))?
-46
Evaluate 4 + (522 + -504 - (3 + 0)).
19
Evaluate (17 + -35 + 9 - (0 - -1)) + -12 + -16.
-38
Evaluate 29 - (-37 + 71) - (-2 - (-4 + 83)).
76
-5 + (-4 + 45 - 16) - (-4 + 13)
11
Calculate -15 + (-26 - -11) + -14.
-44
Evaluate 70 + 8 - 163 - (-1 - 12).
-72
(-85 - (9 + -12)) + 30
-52
Evaluate 39 + -64 + 71 - 112.
-66
Evaluate (-16 - 1) + 0 - (-347 - -326).
4
Evaluate (-1 - -16) + -4 - ((-1 - -11) + 79).
-78
Calculate 2 - (10 - (-45 - -3) - (-7 - -9)).
-48
Calculate 7 + (-1 - ((-1 - -6) + 41 + -104)) + -7.
57
What is the value of -32 + -5 + 46 + 38?
47
Calculate 135 - (-2 + 91 + -40).
86
Calculate (1 - 2 - (12 - 27)) + (-55 - 83).
-124
What is the value of -13 - -4 - (0 + 11 - (-11 - -21))?
-10
What is the value of -3 + (-2 - -60) - (17 + 0 - 13)?
51
What is -91 + (-16 - -99) - 21?
-29
(-757 - -708) + (35 - 1)
-15
What is -35 - (13 + -141 + (33 - 0))?
60
17 - (43 + -90 + 26)
38
What is the value of 11 + -34 - (-54 - -52)?
-21
What is the value of (66 - 69) + 3 + -12 + 6 + 0 + 5?
-1
-85 + 102 + -16 - 2
-1
What is the value of (2 - 27) + -288 + 282?
-31
-24 + 17 - (-3 + 8 + -49)
37
What is the value of (-5 - -24) + (-7 - (-23 - 7))?
42
Evaluate -172 + (-278 - -571) - (22 + 1).
98
What is (-17516 - -17521) + 1 + 62?
68
What is -30 + (-15 + 92 - 114)?
-67
3 + -7 + 16 + (-13 + 8 - 3) - 38
-34
Evaluate (-2 - (-16 + 22)) + 18 + -22.
-12
What is the value of -16 - ((-5 - -27) + (11 - 18))?
-31
Evaluate 159 - 60 - 74 - (0 + 10).
15
(-19 - -26 - (-6 + 96 + 9)) + 15
-77
Calculate 27 - (-13 - -44) - (-16 - 1).
13
-27 + (17 - -49) + -17 + 14
36
What is -31 + -16 - (375 + -469)?
47
Evaluate (-3 - -6 - 14) + (1 + 21 - (-387 + 413)).
-15
Calculate (6 - (-3 + -2)) + -97 + (28 - 47).
-105
-28 + 1 - (0 + -1 + (-662 - -668))
-32
Evaluate 77 + (-15 - (34 + -9)).
37
-72 - ((1 + -4 - 15) + 579 + -574)
-59
Calculate -16 + 22 - (50 + -60 - (-1 + (-81 - -4))).
-62
What is -35 + (79 - 39) - -9?
14
58 + (6 + -68 - -48)
44
-7 - (-13 - ((64 - 0) + (140 - 136)))
74
What is (-9 - (-7 - -8)) + 2 - (-2 + 7)?
-13
(11 + 12 - (42 - 8)) + 57
46
Evaluate 3 + -3 + -14 + (-2 - -6 - (5 - 13)).
-2
Calculate 2 + -37 - (85 + -157 + 49).
-12
Evaluate (-32 - -49 - (-10 - 32)) + (10 - 5).
64
What is 147 + -95 - 39 - (1 - (-87 + 1))?
-74
Evaluate (-47 - (49 - 85)) + (4 - 9).
-16
Evaluate 15 - (59 - (136 - 29)).
63
What is the value of -44 - -154 - 75 - (-3 + 0 + -1)?
39
(9 - -61 - 50) + (-3 - -4) + 81
102
Evaluate -43 - (-6 + -2 - ((-3 - (2 + 7)) + 7)).
-40
Evaluate 0 + 2 + -7 - (45 + -174 - -116).
8
What is -24 + 27 + (-2 - -12) - 28?
-15
Evaluate -38 + (27 - (46 + -71)).
14
What is the value of -64 - (0 + -5 - (9 - (-9 - 8) - 28))?
-61
What is -8 + 4 + 83 - 71?
8
What is 97 + (240 - 250 - (21 - 1))?
67
What is the value of -1 - -29 - ((6 - (-6 + 35)) + (163 - 147))?
35
What is the value of -758 + 742 + ((-4 - -7) + -1 - -78)?
64
Calculate 1 - (23 + 5 - (14 + -10 + -16)).
-39
What is 22 + -17 + 39 + -33?
11
What is (12 - (15 + -14)) + -20 - -16?
7
49 + (-21 - (9 + (-11 - -7) - 12))
35
Calculate (-157 - -124) + 2 + -38.
-69
Evaluate 978 + -1053 + 35 + (-4 - -11).
-33
Evaluate (-28 + -3 - -47) + 9 + 1.
26
Evaluate 55 - (17 - (30 + -25) - -6).
37
What is (-5 + 3 - -8) + -10 + 3 + 50 + -100?
-51
17 - (7 + 11) - -124 - (11 - (3 + -7))
108
What is the value of -34 + (-2 - 2) + -751 + 772?
-17
What is the value of (-44 + 37 - -11) + 0 + 0 - (7 + 45)?
-48
What is the value of -46 - (-1 + 24 - (7 + 30))?
-32
-3 - (-33 + -77 + 96)
11
What is the value of (71 - 51 - -5) + (7 - -21)?
53
Evaluate -39 + 57 + -3 + (-2 - 37) - 13.
-37
What is 35 + (-140 - 7) - (-5 + -1 + 4)?
-110
What is the value of -21 + -1 - (842 - 847) - (0 + 2 - 3)?
-16
What is -35 - (-65 - -52 - -23)?
-45
Evaluate (-6 - (-6 + 38)) + 20 - 16.
-34
Evaluate 45 + 10 + -4 + 20 + -15.
56
What is -504 - -497 - (-2 + 54 + 0 + 0 + 2)?
-61
5 + -12 + 11 + 54 + 3 + 22 + -25
58
Evaluate -75 + 20 + (16 - (-6 - -16)).
-49
What is 4 + 0 + -1 + (-380 - -378) - 39?
-38
-12 - 1 - -17 - (-13 - (6 + -32))
-9
What is the value of -14 + (-5 + 6 - (17 - 28)) + 0?
-2
Evaluate 80 + -121 + 59 - 5.
13
What is the value of -25 + 62 + -35 - -26?
28
What is the value of (-13 - -13) + (-6 - 0) - (453 - 500)?
41
What is 19 - -1 - (-91 - (-81 + -47))?
-17
What is 131 - -3 - 4 - (-9 + -3 - -36 - 24)?
130
What is the value of 0 + -15 + 1 - (-31 - -188 - 163)?
-8
Calculate (46 - (-1 - -20)) + -1 + -71.
-45
-7235 - -7200 - (24 - 1)
-58
What is -18 - ((-12 + 8 - (-1 + 1)) + 8 - -4)?
-26
Evaluate (32 - 71 - -40 - (-17 + 2 - -2)) + -96.
-82
What is the value of (6 - (-5 + (8 - -2)) - (14 + 37)) + 6?
-44
What is the value of (-9 + -21 - 23) + 104?
51
Calculate 9 - ((-7 - (-9 + -14)) + -8) - (-5 + 0).
6
What is -1 + 17 + (25 + 23 + -125 - -28)?
-33
Evaluate 161 - (102 + (-73 - -82)).
50
10 - (69 + 12 + (13 - 33 - -1) + -9)
-43
What is the value of (-2 - (-3 + 1)) + (15 + 15 - 1) + -34?
-5
-4 + (12 - (7 + -5)) - (-34 - (32 + -52))
20
What is the value of 1 - (17 - -2) - (398 + -388)?
-28
47 + (-2 - 2) + -6 + -16 + 12
33
What is the value of (1 - -1) + -9 + (114 - (-102 - -197))?
12
What is (2498 - 2601) + (88 - -3)?
-12
14 - (35 + 7) - (21 - -14)
-63
Evaluate 1 + -2 + (82 - 49 - 46).
-14
Calculate 10 - ((-7 + -5 - (-1 + 0)) + 9).
12
What is 1 + 55 + -3 + (-39 - (-2 - (4 - -24)))?
44
(3 + 0 - (582 - 646)) + 2
69
What is -24 + 23 - (0 + 6) - -40?
33
Evaluate (0 - -1) + 19 + -23 + -26 + 9 - -4.
-16
Evaluate -81 + (25 - 32 - -49 - 28).
-67
What is the value of 53 + -16 + -26 + -44?
-33
Evaluate (2 + -1 - (-21 + 11 + 17)) + 22.
16
What is 63 + -33 + -4 + -1 + -2?
23
What is the value of -43 - (-57 + -40 + 27)?
27
Calculate (11 + 26 - (20 - 11)) + -1.
27
Evaluate -55 - (-217 + 172) - (1 + -2 - (-38 + 0)).
-47
Calculate (27 - -10) + 6 - (-70 - -62 - (4 - 1)).
54
What is 54 + 0 - (-14850 + 14846)?
58
Evaluate (3 - -34) + (4 - (12 - 13)) - (-9 - -12).
39
(1 - 62) + 5 + (-4 - 0) + -5 + 2
-63
What is -6 + 15 + (21 - 5) + -55?
-30
What is the value of (0 - -3) + (-808 - -827) - -5?
27
What is (-129 - -30) + 104 - (-1 + 4) - (0 - 1)?
3
Evaluate 12 + -3 + (0 - -2) - (6 - 132 - -71).
66
Calculate 546 + -494 - (1 - 2 - -1).
52
(18 - 27 - (-15 + 3)) + 1 + 3 + -5
2
What is 1 + 12 - (44 + -78 - (16 - 115))?
-52
What is (13 - 1 - (8 - 8)) + -22?
-10
What is the value of 8 + (-16 - (14 + 10 + -33 + 7))?
-6
23 + -89 + (111 - -67)
112
Evaluate 2997 - 3037 - (-48 -